{"id":64,"date":"2024-11-02T15:44:41","date_gmt":"2024-11-02T18:44:41","guid":{"rendered":"https:\/\/klix.com.br\/site\/?page_id=64"},"modified":"2024-12-02T10:11:59","modified_gmt":"2024-12-02T13:11:59","slug":"produtos","status":"publish","type":"page","link":"https:\/\/klix.com.br\/site\/produtos\/","title":{"rendered":"Produtos"},"content":{"rendered":"\t\t<div data-elementor-type=\"wp-page\" data-elementor-id=\"64\" class=\"elementor elementor-64\" data-elementor-post-type=\"page\">\n\t\t\t\t<div class=\"elementor-element elementor-element-70f269ce e-flex e-con-boxed e-con e-parent\" data-id=\"70f269ce\" data-element_type=\"container\" data-settings=\"{&quot;background_background&quot;:&quot;classic&quot;}\">\n\t\t\t\t\t<div class=\"e-con-inner\">\n\t\t<div class=\"elementor-element elementor-element-76fc8ebc e-con-full e-flex e-con e-child\" data-id=\"76fc8ebc\" data-element_type=\"container\">\n\t\t\t\t<div class=\"elementor-element elementor-element-acaf2ee elementor-widget-divider--separator-type-pattern elementor-widget-divider--view-line elementor-invisible elementor-widget elementor-widget-divider\" data-id=\"acaf2ee\" data-element_type=\"widget\" data-settings=\"{&quot;_animation&quot;:&quot;slideInLeft&quot;}\" data-widget_type=\"divider.default\">\n\t\t\t\t<div class=\"elementor-widget-container\">\n\t\t\t\t\t<div class=\"elementor-divider\" style=\"--divider-pattern-url: url(&quot;data:image\/svg+xml,%3Csvg xmlns=&#039;http:\/\/www.w3.org\/2000\/svg&#039; preserveAspectRatio=&#039;none&#039; overflow=&#039;visible&#039; height=&#039;100%&#039; viewBox=&#039;0 0 24 24&#039; fill=&#039;black&#039; stroke=&#039;none&#039;%3E%3Cpath d=&#039;M12.7,2.3c-0.4-0.4-1.1-0.4-1.5,0l-8,9.1c-0.3,0.4-0.3,0.9,0,1.2l8,9.1c0.4,0.4,1.1,0.4,1.5,0l8-9.1c0.3-0.4,0.3-0.9,0-1.2L12.7,2.3z&#039;\/%3E%3C\/svg%3E&quot;);\">\n\t\t\t<span class=\"elementor-divider-separator\">\n\t\t\t\t\t\t<\/span>\n\t\t<\/div>\n\t\t\t\t<\/div>\n\t\t\t\t<\/div>\n\t\t\t\t<\/div>\n\t\t<div class=\"elementor-element elementor-element-5a714fea e-con-full e-flex e-con e-child\" data-id=\"5a714fea\" data-element_type=\"container\">\n\t\t\t\t<div class=\"elementor-element elementor-element-4e6dcd33 elementor-invisible elementor-widget elementor-widget-text-editor\" data-id=\"4e6dcd33\" data-element_type=\"widget\" data-settings=\"{&quot;_animation&quot;:&quot;rotateInDownLeft&quot;,&quot;_animation_delay&quot;:500}\" data-widget_type=\"text-editor.default\">\n\t\t\t\t<div class=\"elementor-widget-container\">\n\t\t\t\t\t\t\t<p>Produtos<\/p>\t\t\t\t\t\t<\/div>\n\t\t\t\t<\/div>\n\t\t\t\t<\/div>\n\t\t<div class=\"elementor-element elementor-element-242ff2dd e-con-full e-flex e-con e-child\" data-id=\"242ff2dd\" data-element_type=\"container\">\n\t\t\t\t<div class=\"elementor-element elementor-element-7c78a6fa elementor-widget-divider--separator-type-pattern elementor-widget-divider--view-line elementor-invisible elementor-widget elementor-widget-divider\" data-id=\"7c78a6fa\" data-element_type=\"widget\" data-settings=\"{&quot;_animation&quot;:&quot;fadeInRight&quot;}\" data-widget_type=\"divider.default\">\n\t\t\t\t<div class=\"elementor-widget-container\">\n\t\t\t\t\t<div class=\"elementor-divider\" style=\"--divider-pattern-url: url(&quot;data:image\/svg+xml,%3Csvg xmlns=&#039;http:\/\/www.w3.org\/2000\/svg&#039; preserveAspectRatio=&#039;none&#039; overflow=&#039;visible&#039; height=&#039;100%&#039; viewBox=&#039;0 0 24 24&#039; fill=&#039;black&#039; stroke=&#039;none&#039;%3E%3Cpath d=&#039;M12.7,2.3c-0.4-0.4-1.1-0.4-1.5,0l-8,9.1c-0.3,0.4-0.3,0.9,0,1.2l8,9.1c0.4,0.4,1.1,0.4,1.5,0l8-9.1c0.3-0.4,0.3-0.9,0-1.2L12.7,2.3z&#039;\/%3E%3C\/svg%3E&quot;);\">\n\t\t\t<span class=\"elementor-divider-separator\">\n\t\t\t\t\t\t<\/span>\n\t\t<\/div>\n\t\t\t\t<\/div>\n\t\t\t\t<\/div>\n\t\t\t\t<\/div>\n\t\t\t\t\t<\/div>\n\t\t\t\t<\/div>\n\t\t<div class=\"elementor-element elementor-element-38a053e e-flex e-con-boxed e-con e-parent\" data-id=\"38a053e\" data-element_type=\"container\" data-settings=\"{&quot;background_background&quot;:&quot;classic&quot;}\">\n\t\t\t\t\t<div class=\"e-con-inner\">\n\t\t<div class=\"elementor-element elementor-element-61630ba e-con-full e-flex e-con e-child\" data-id=\"61630ba\" data-element_type=\"container\" data-settings=\"{&quot;background_background&quot;:&quot;classic&quot;}\">\n\t\t<div class=\"elementor-element elementor-element-d0c766f e-con-full e-flex elementor-invisible e-con e-child\" data-id=\"d0c766f\" data-element_type=\"container\" data-settings=\"{&quot;background_background&quot;:&quot;classic&quot;,&quot;animation&quot;:&quot;zoomIn&quot;,&quot;animation_delay&quot;:300}\">\n\t\t\t\t<div class=\"elementor-element elementor-element-4a6e6138 elementor-invisible elementor-widget elementor-widget-image\" data-id=\"4a6e6138\" data-element_type=\"widget\" data-settings=\"{&quot;_animation&quot;:&quot;slideInLeft&quot;,&quot;_animation_delay&quot;:1200}\" data-widget_type=\"image.default\">\n\t\t\t\t<div class=\"elementor-widget-container\">\n\t\t\t\t\t\t\t\t\t\t\t\t\t<img fetchpriority=\"high\" decoding=\"async\" width=\"640\" height=\"317\" src=\"https:\/\/klix.com.br\/site\/wp-content\/uploads\/2024\/10\/produto.png\" class=\"attachment-large size-large wp-image-57\" alt=\"\" srcset=\"https:\/\/klix.com.br\/site\/wp-content\/uploads\/2024\/10\/produto.png 960w, https:\/\/klix.com.br\/site\/wp-content\/uploads\/2024\/10\/produto-300x149.png 300w, https:\/\/klix.com.br\/site\/wp-content\/uploads\/2024\/10\/produto-768x381.png 768w\" sizes=\"(max-width: 640px) 100vw, 640px\" \/>\t\t\t\t\t\t\t\t\t\t\t\t\t<\/div>\n\t\t\t\t<\/div>\n\t\t\t\t<\/div>\n\t\t\t\t<\/div>\n\t\t<div class=\"elementor-element elementor-element-48cbec6 e-con-full e-flex e-con e-child\" data-id=\"48cbec6\" data-element_type=\"container\">\n\t\t\t\t<div class=\"elementor-element elementor-element-62f0b716 elementor-invisible elementor-widget elementor-widget-text-editor\" data-id=\"62f0b716\" data-element_type=\"widget\" data-settings=\"{&quot;_animation&quot;:&quot;zoomInRight&quot;,&quot;_animation_delay&quot;:900}\" data-widget_type=\"text-editor.default\">\n\t\t\t\t<div class=\"elementor-widget-container\">\n\t\t\t\t\t\t\t<p>Faz tempo que voc\u00ea merece uma joia da Klix.<\/p><p>Essa \u00e9 a nossa linha de produtos:<\/p><p>S\u00e3o joias em ouro, semijoias, prata, rel\u00f3gios, an\u00e9is de formatura, alian\u00e7as de ouro, alian\u00e7as de compromisso, rel\u00f3gios de parede, despertadores, prata pandora , acess\u00f3rios que v\u00e3o deixar voc\u00ea o tempo todo bem mais feliz.<br \/><a href=\"https:\/\/www.klix.com.br\/formatura\/\" target=\"_blank\" rel=\"noopener\">Clique AQUI para visualizar nossos an\u00e9is de formatura em ouro 18k.<\/a><\/p>\t\t\t\t\t\t<\/div>\n\t\t\t\t<\/div>\n\t\t\t\t<\/div>\n\t\t\t\t\t<\/div>\n\t\t\t\t<\/div>\n\t\t\t\t<\/div>\n\t\t","protected":false},"excerpt":{"rendered":"<p>Produtos Faz tempo que voc\u00ea merece uma joia da Klix. Essa \u00e9 a nossa linha de produtos: S\u00e3o joias em ouro, semijoias, prata, rel\u00f3gios, an\u00e9is de formatura, alian\u00e7as de ouro, alian\u00e7as de compromisso, rel\u00f3gios de parede, despertadores, prata pandora , acess\u00f3rios que v\u00e3o deixar voc\u00ea o tempo todo bem mais feliz.Clique AQUI para visualizar nossos &hellip; <\/p>\n<p class=\"link-more\"><a href=\"https:\/\/klix.com.br\/site\/produtos\/\" class=\"more-link\">Continue lendo<span class=\"screen-reader-text\"> &#8220;Produtos&#8221;<\/span><\/a><\/p>\n","protected":false},"author":1,"featured_media":0,"parent":0,"menu_order":0,"comment_status":"closed","ping_status":"closed","template":"elementor_header_footer","meta":{"footnotes":""},"class_list":["post-64","page","type-page","status-publish","hentry","entry"],"yoast_head":"<!-- This site is optimized with the Yoast SEO plugin v24.0 - https:\/\/yoast.com\/wordpress\/plugins\/seo\/ -->\n<title>Produtos - Klix J\u00f3ias e Rel\u00f3gios<\/title>\n<meta name=\"robots\" content=\"index, follow, max-snippet:-1, max-image-preview:large, max-video-preview:-1\" \/>\n<link rel=\"canonical\" href=\"https:\/\/klix.com.br\/site\/produtos\/\" \/>\n<meta property=\"og:locale\" content=\"pt_BR\" \/>\n<meta property=\"og:type\" content=\"article\" \/>\n<meta property=\"og:title\" content=\"Produtos - Klix J\u00f3ias e Rel\u00f3gios\" \/>\n<meta property=\"og:description\" content=\"Produtos Faz tempo que voc\u00ea merece uma joia da Klix. Essa \u00e9 a nossa linha de produtos: S\u00e3o joias em ouro, semijoias, prata, rel\u00f3gios, an\u00e9is de formatura, alian\u00e7as de ouro, alian\u00e7as de compromisso, rel\u00f3gios de parede, despertadores, prata pandora , acess\u00f3rios que v\u00e3o deixar voc\u00ea o tempo todo bem mais feliz.Clique AQUI para visualizar nossos &hellip; Continue lendo &quot;Produtos&quot;\" \/>\n<meta property=\"og:url\" content=\"https:\/\/klix.com.br\/site\/produtos\/\" \/>\n<meta property=\"og:site_name\" content=\"Klix J\u00f3ias e Rel\u00f3gios\" \/>\n<meta property=\"article:publisher\" content=\"https:\/\/www.facebook.com\/relojoariaklix\" \/>\n<meta property=\"article:modified_time\" content=\"2024-12-02T13:11:59+00:00\" \/>\n<meta property=\"og:image\" content=\"http:\/\/klix.com.br\/site\/wp-content\/uploads\/2024\/10\/produto.png\" \/>\n<meta name=\"twitter:card\" content=\"summary_large_image\" \/>\n<script type=\"application\/ld+json\" class=\"yoast-schema-graph\">{\"@context\":\"https:\/\/schema.org\",\"@graph\":[{\"@type\":\"WebPage\",\"@id\":\"https:\/\/klix.com.br\/site\/produtos\/\",\"url\":\"https:\/\/klix.com.br\/site\/produtos\/\",\"name\":\"Produtos - Klix J\u00f3ias e Rel\u00f3gios\",\"isPartOf\":{\"@id\":\"https:\/\/klix.com.br\/site\/#website\"},\"primaryImageOfPage\":{\"@id\":\"https:\/\/klix.com.br\/site\/produtos\/#primaryimage\"},\"image\":{\"@id\":\"https:\/\/klix.com.br\/site\/produtos\/#primaryimage\"},\"thumbnailUrl\":\"http:\/\/klix.com.br\/site\/wp-content\/uploads\/2024\/10\/produto.png\",\"datePublished\":\"2024-11-02T18:44:41+00:00\",\"dateModified\":\"2024-12-02T13:11:59+00:00\",\"breadcrumb\":{\"@id\":\"https:\/\/klix.com.br\/site\/produtos\/#breadcrumb\"},\"inLanguage\":\"pt-BR\",\"potentialAction\":[{\"@type\":\"ReadAction\",\"target\":[\"https:\/\/klix.com.br\/site\/produtos\/\"]}]},{\"@type\":\"ImageObject\",\"inLanguage\":\"pt-BR\",\"@id\":\"https:\/\/klix.com.br\/site\/produtos\/#primaryimage\",\"url\":\"http:\/\/klix.com.br\/site\/wp-content\/uploads\/2024\/10\/produto.png\",\"contentUrl\":\"http:\/\/klix.com.br\/site\/wp-content\/uploads\/2024\/10\/produto.png\"},{\"@type\":\"BreadcrumbList\",\"@id\":\"https:\/\/klix.com.br\/site\/produtos\/#breadcrumb\",\"itemListElement\":[{\"@type\":\"ListItem\",\"position\":1,\"name\":\"In\u00edcio\",\"item\":\"https:\/\/klix.com.br\/site\/\"},{\"@type\":\"ListItem\",\"position\":2,\"name\":\"Produtos\"}]},{\"@type\":\"WebSite\",\"@id\":\"https:\/\/klix.com.br\/site\/#website\",\"url\":\"https:\/\/klix.com.br\/site\/\",\"name\":\"Klix J\u00f3ias e Rel\u00f3gios\",\"description\":\"Klix J\u00f3ias e Rel\u00f3gios | Joalheria e Relojoaria | Joinville.\",\"publisher\":{\"@id\":\"https:\/\/klix.com.br\/site\/#organization\"},\"alternateName\":\"Joalheria e Relojoaria Klix\",\"potentialAction\":[{\"@type\":\"SearchAction\",\"target\":{\"@type\":\"EntryPoint\",\"urlTemplate\":\"https:\/\/klix.com.br\/site\/?s={search_term_string}\"},\"query-input\":{\"@type\":\"PropertyValueSpecification\",\"valueRequired\":true,\"valueName\":\"search_term_string\"}}],\"inLanguage\":\"pt-BR\"},{\"@type\":\"Organization\",\"@id\":\"https:\/\/klix.com.br\/site\/#organization\",\"name\":\"Klix J\u00f3ias e Rel\u00f3gios\",\"alternateName\":\"Reolojoaria Klix\",\"url\":\"https:\/\/klix.com.br\/site\/\",\"logo\":{\"@type\":\"ImageObject\",\"inLanguage\":\"pt-BR\",\"@id\":\"https:\/\/klix.com.br\/site\/#\/schema\/logo\/image\/\",\"url\":\"https:\/\/klix.com.br\/site\/wp-content\/uploads\/2024\/10\/logo-klix-normal-min.png\",\"contentUrl\":\"https:\/\/klix.com.br\/site\/wp-content\/uploads\/2024\/10\/logo-klix-normal-min.png\",\"width\":304,\"height\":248,\"caption\":\"Klix J\u00f3ias e Rel\u00f3gios\"},\"image\":{\"@id\":\"https:\/\/klix.com.br\/site\/#\/schema\/logo\/image\/\"},\"sameAs\":[\"https:\/\/www.facebook.com\/relojoariaklix\",\"https:\/\/www.instagram.com\/klix_joias\/\"]}]}<\/script>\n<!-- \/ Yoast SEO plugin. -->","yoast_head_json":{"title":"Produtos - Klix J\u00f3ias e Rel\u00f3gios","robots":{"index":"index","follow":"follow","max-snippet":"max-snippet:-1","max-image-preview":"max-image-preview:large","max-video-preview":"max-video-preview:-1"},"canonical":"https:\/\/klix.com.br\/site\/produtos\/","og_locale":"pt_BR","og_type":"article","og_title":"Produtos - Klix J\u00f3ias e Rel\u00f3gios","og_description":"Produtos Faz tempo que voc\u00ea merece uma joia da Klix. Essa \u00e9 a nossa linha de produtos: S\u00e3o joias em ouro, semijoias, prata, rel\u00f3gios, an\u00e9is de formatura, alian\u00e7as de ouro, alian\u00e7as de compromisso, rel\u00f3gios de parede, despertadores, prata pandora , acess\u00f3rios que v\u00e3o deixar voc\u00ea o tempo todo bem mais feliz.Clique AQUI para visualizar nossos &hellip; Continue lendo \"Produtos\"","og_url":"https:\/\/klix.com.br\/site\/produtos\/","og_site_name":"Klix J\u00f3ias e Rel\u00f3gios","article_publisher":"https:\/\/www.facebook.com\/relojoariaklix","article_modified_time":"2024-12-02T13:11:59+00:00","og_image":[{"url":"http:\/\/klix.com.br\/site\/wp-content\/uploads\/2024\/10\/produto.png","type":"","width":"","height":""}],"twitter_card":"summary_large_image","schema":{"@context":"https:\/\/schema.org","@graph":[{"@type":"WebPage","@id":"https:\/\/klix.com.br\/site\/produtos\/","url":"https:\/\/klix.com.br\/site\/produtos\/","name":"Produtos - Klix J\u00f3ias e Rel\u00f3gios","isPartOf":{"@id":"https:\/\/klix.com.br\/site\/#website"},"primaryImageOfPage":{"@id":"https:\/\/klix.com.br\/site\/produtos\/#primaryimage"},"image":{"@id":"https:\/\/klix.com.br\/site\/produtos\/#primaryimage"},"thumbnailUrl":"http:\/\/klix.com.br\/site\/wp-content\/uploads\/2024\/10\/produto.png","datePublished":"2024-11-02T18:44:41+00:00","dateModified":"2024-12-02T13:11:59+00:00","breadcrumb":{"@id":"https:\/\/klix.com.br\/site\/produtos\/#breadcrumb"},"inLanguage":"pt-BR","potentialAction":[{"@type":"ReadAction","target":["https:\/\/klix.com.br\/site\/produtos\/"]}]},{"@type":"ImageObject","inLanguage":"pt-BR","@id":"https:\/\/klix.com.br\/site\/produtos\/#primaryimage","url":"http:\/\/klix.com.br\/site\/wp-content\/uploads\/2024\/10\/produto.png","contentUrl":"http:\/\/klix.com.br\/site\/wp-content\/uploads\/2024\/10\/produto.png"},{"@type":"BreadcrumbList","@id":"https:\/\/klix.com.br\/site\/produtos\/#breadcrumb","itemListElement":[{"@type":"ListItem","position":1,"name":"In\u00edcio","item":"https:\/\/klix.com.br\/site\/"},{"@type":"ListItem","position":2,"name":"Produtos"}]},{"@type":"WebSite","@id":"https:\/\/klix.com.br\/site\/#website","url":"https:\/\/klix.com.br\/site\/","name":"Klix J\u00f3ias e Rel\u00f3gios","description":"Klix J\u00f3ias e Rel\u00f3gios | Joalheria e Relojoaria | Joinville.","publisher":{"@id":"https:\/\/klix.com.br\/site\/#organization"},"alternateName":"Joalheria e Relojoaria Klix","potentialAction":[{"@type":"SearchAction","target":{"@type":"EntryPoint","urlTemplate":"https:\/\/klix.com.br\/site\/?s={search_term_string}"},"query-input":{"@type":"PropertyValueSpecification","valueRequired":true,"valueName":"search_term_string"}}],"inLanguage":"pt-BR"},{"@type":"Organization","@id":"https:\/\/klix.com.br\/site\/#organization","name":"Klix J\u00f3ias e Rel\u00f3gios","alternateName":"Reolojoaria Klix","url":"https:\/\/klix.com.br\/site\/","logo":{"@type":"ImageObject","inLanguage":"pt-BR","@id":"https:\/\/klix.com.br\/site\/#\/schema\/logo\/image\/","url":"https:\/\/klix.com.br\/site\/wp-content\/uploads\/2024\/10\/logo-klix-normal-min.png","contentUrl":"https:\/\/klix.com.br\/site\/wp-content\/uploads\/2024\/10\/logo-klix-normal-min.png","width":304,"height":248,"caption":"Klix J\u00f3ias e Rel\u00f3gios"},"image":{"@id":"https:\/\/klix.com.br\/site\/#\/schema\/logo\/image\/"},"sameAs":["https:\/\/www.facebook.com\/relojoariaklix","https:\/\/www.instagram.com\/klix_joias\/"]}]}},"_links":{"self":[{"href":"https:\/\/klix.com.br\/site\/wp-json\/wp\/v2\/pages\/64","targetHints":{"allow":["GET"]}}],"collection":[{"href":"https:\/\/klix.com.br\/site\/wp-json\/wp\/v2\/pages"}],"about":[{"href":"https:\/\/klix.com.br\/site\/wp-json\/wp\/v2\/types\/page"}],"author":[{"embeddable":true,"href":"https:\/\/klix.com.br\/site\/wp-json\/wp\/v2\/users\/1"}],"replies":[{"embeddable":true,"href":"https:\/\/klix.com.br\/site\/wp-json\/wp\/v2\/comments?post=64"}],"version-history":[{"count":7,"href":"https:\/\/klix.com.br\/site\/wp-json\/wp\/v2\/pages\/64\/revisions"}],"predecessor-version":[{"id":502,"href":"https:\/\/klix.com.br\/site\/wp-json\/wp\/v2\/pages\/64\/revisions\/502"}],"wp:attachment":[{"href":"https:\/\/klix.com.br\/site\/wp-json\/wp\/v2\/media?parent=64"}],"curies":[{"name":"wp","href":"https:\/\/api.w.org\/{rel}","templated":true}]}}