{"id":66,"date":"2024-11-02T15:45:09","date_gmt":"2024-11-02T18:45:09","guid":{"rendered":"https:\/\/klix.com.br\/site\/?page_id=66"},"modified":"2024-12-04T09:35:21","modified_gmt":"2024-12-04T12:35:21","slug":"servicos","status":"publish","type":"page","link":"https:\/\/klix.com.br\/site\/servicos\/","title":{"rendered":"Servi\u00e7os"},"content":{"rendered":"\t\t<div data-elementor-type=\"wp-page\" data-elementor-id=\"66\" class=\"elementor elementor-66\" data-elementor-post-type=\"page\">\n\t\t\t\t<div class=\"elementor-element elementor-element-585b34ca e-flex e-con-boxed e-con e-parent\" data-id=\"585b34ca\" data-element_type=\"container\" data-settings=\"{&quot;background_background&quot;:&quot;classic&quot;}\">\n\t\t\t\t\t<div class=\"e-con-inner\">\n\t\t<div class=\"elementor-element elementor-element-5df01e8a e-con-full e-flex e-con e-child\" data-id=\"5df01e8a\" data-element_type=\"container\">\n\t\t\t\t<div class=\"elementor-element elementor-element-277ad37b elementor-widget-divider--separator-type-pattern elementor-widget-divider--view-line elementor-invisible elementor-widget elementor-widget-divider\" data-id=\"277ad37b\" data-element_type=\"widget\" data-settings=\"{&quot;_animation&quot;:&quot;slideInLeft&quot;}\" data-widget_type=\"divider.default\">\n\t\t\t\t<div class=\"elementor-widget-container\">\n\t\t\t\t\t<div class=\"elementor-divider\" style=\"--divider-pattern-url: url(&quot;data:image\/svg+xml,%3Csvg xmlns=&#039;http:\/\/www.w3.org\/2000\/svg&#039; preserveAspectRatio=&#039;none&#039; overflow=&#039;visible&#039; height=&#039;100%&#039; viewBox=&#039;0 0 24 24&#039; fill=&#039;black&#039; stroke=&#039;none&#039;%3E%3Cpath d=&#039;M12.7,2.3c-0.4-0.4-1.1-0.4-1.5,0l-8,9.1c-0.3,0.4-0.3,0.9,0,1.2l8,9.1c0.4,0.4,1.1,0.4,1.5,0l8-9.1c0.3-0.4,0.3-0.9,0-1.2L12.7,2.3z&#039;\/%3E%3C\/svg%3E&quot;);\">\n\t\t\t<span class=\"elementor-divider-separator\">\n\t\t\t\t\t\t<\/span>\n\t\t<\/div>\n\t\t\t\t<\/div>\n\t\t\t\t<\/div>\n\t\t\t\t<\/div>\n\t\t<div class=\"elementor-element elementor-element-34e52828 e-con-full e-flex e-con e-child\" data-id=\"34e52828\" data-element_type=\"container\">\n\t\t\t\t<div class=\"elementor-element elementor-element-10a3efec elementor-invisible elementor-widget elementor-widget-text-editor\" data-id=\"10a3efec\" data-element_type=\"widget\" data-settings=\"{&quot;_animation&quot;:&quot;rotateInDownLeft&quot;,&quot;_animation_delay&quot;:500}\" data-widget_type=\"text-editor.default\">\n\t\t\t\t<div class=\"elementor-widget-container\">\n\t\t\t\t\t\t\t<p>Servi\u00e7os<\/p>\t\t\t\t\t\t<\/div>\n\t\t\t\t<\/div>\n\t\t\t\t<\/div>\n\t\t<div class=\"elementor-element elementor-element-77cd646c e-con-full e-flex e-con e-child\" data-id=\"77cd646c\" data-element_type=\"container\">\n\t\t\t\t<div class=\"elementor-element elementor-element-a08e6d0 elementor-widget-divider--separator-type-pattern elementor-widget-divider--view-line elementor-invisible elementor-widget elementor-widget-divider\" data-id=\"a08e6d0\" data-element_type=\"widget\" data-settings=\"{&quot;_animation&quot;:&quot;fadeInRight&quot;}\" data-widget_type=\"divider.default\">\n\t\t\t\t<div class=\"elementor-widget-container\">\n\t\t\t\t\t<div class=\"elementor-divider\" style=\"--divider-pattern-url: url(&quot;data:image\/svg+xml,%3Csvg xmlns=&#039;http:\/\/www.w3.org\/2000\/svg&#039; preserveAspectRatio=&#039;none&#039; overflow=&#039;visible&#039; height=&#039;100%&#039; viewBox=&#039;0 0 24 24&#039; fill=&#039;black&#039; stroke=&#039;none&#039;%3E%3Cpath d=&#039;M12.7,2.3c-0.4-0.4-1.1-0.4-1.5,0l-8,9.1c-0.3,0.4-0.3,0.9,0,1.2l8,9.1c0.4,0.4,1.1,0.4,1.5,0l8-9.1c0.3-0.4,0.3-0.9,0-1.2L12.7,2.3z&#039;\/%3E%3C\/svg%3E&quot;);\">\n\t\t\t<span class=\"elementor-divider-separator\">\n\t\t\t\t\t\t<\/span>\n\t\t<\/div>\n\t\t\t\t<\/div>\n\t\t\t\t<\/div>\n\t\t\t\t<\/div>\n\t\t\t\t\t<\/div>\n\t\t\t\t<\/div>\n\t\t<div class=\"elementor-element elementor-element-11c0746e e-flex e-con-boxed e-con e-parent\" data-id=\"11c0746e\" data-element_type=\"container\" data-settings=\"{&quot;background_background&quot;:&quot;classic&quot;}\">\n\t\t\t\t\t<div class=\"e-con-inner\">\n\t\t<div class=\"elementor-element elementor-element-2df7b63d e-con-full e-flex e-con e-child\" data-id=\"2df7b63d\" data-element_type=\"container\" data-settings=\"{&quot;background_background&quot;:&quot;classic&quot;}\">\n\t\t<div class=\"elementor-element elementor-element-7a7faddd e-con-full e-flex elementor-invisible e-con e-child\" data-id=\"7a7faddd\" data-element_type=\"container\" data-settings=\"{&quot;background_background&quot;:&quot;classic&quot;,&quot;animation&quot;:&quot;zoomIn&quot;,&quot;animation_delay&quot;:300}\">\n\t\t\t\t<div class=\"elementor-element elementor-element-764a52fb elementor-invisible elementor-widget elementor-widget-image\" data-id=\"764a52fb\" data-element_type=\"widget\" data-settings=\"{&quot;_animation&quot;:&quot;slideInLeft&quot;,&quot;_animation_delay&quot;:1200}\" data-widget_type=\"image.default\">\n\t\t\t\t<div class=\"elementor-widget-container\">\n\t\t\t\t\t\t\t\t\t\t\t\t\t<img fetchpriority=\"high\" decoding=\"async\" width=\"549\" height=\"509\" src=\"https:\/\/klix.com.br\/site\/wp-content\/uploads\/2024\/10\/relojoeiro.png\" class=\"attachment-medium_large size-medium_large wp-image-59\" alt=\"\" srcset=\"https:\/\/klix.com.br\/site\/wp-content\/uploads\/2024\/10\/relojoeiro.png 549w, https:\/\/klix.com.br\/site\/wp-content\/uploads\/2024\/10\/relojoeiro-300x278.png 300w\" sizes=\"(max-width: 549px) 100vw, 549px\" \/>\t\t\t\t\t\t\t\t\t\t\t\t\t<\/div>\n\t\t\t\t<\/div>\n\t\t\t\t<\/div>\n\t\t\t\t<\/div>\n\t\t<div class=\"elementor-element elementor-element-569690dd e-con-full e-flex e-con e-child\" data-id=\"569690dd\" data-element_type=\"container\">\n\t\t\t\t<div class=\"elementor-element elementor-element-4aaaf86b elementor-invisible elementor-widget elementor-widget-text-editor\" data-id=\"4aaaf86b\" data-element_type=\"widget\" data-settings=\"{&quot;_animation&quot;:&quot;zoomInRight&quot;,&quot;_animation_delay&quot;:900}\" data-widget_type=\"text-editor.default\">\n\t\t\t\t<div class=\"elementor-widget-container\">\n\t\t\t\t\t\t\t<p>Precisando, j\u00e1 sabe, hein?<\/p><p>O rel\u00f3gio parou?<\/p><p>A joia escureceu?<\/p><p>A Klix tem uma equipe de profissionais especializada em consertos e pequenos reparos.<br \/>Passa aqui. E deixa com a gente.<\/p><p><strong>CONSERTOS EM JOIAS<\/strong><br \/>&#8211; Soldas em geral. Confec\u00e7\u00e3o de j\u00f3ias e alian\u00e7as.<br \/>&#8211; Teste de pureza de ouro. Grava\u00e7\u00e3o de alian\u00e7as na hora.<br \/>&#8211; Ajuste de tamanho de alian\u00e7as ou an\u00e9is em ouro ou prata.<br \/>&#8211; Refazemos colares p\u00e9rolas, pedras, corais, onix, etc.<br \/>&#8211; Hor\u00e1rio servi\u00e7o-ourives: 13:00h at\u00e9 18:00h<\/p><p><strong>CONSERTOS EM REL\u00d3GIOS<\/strong><br \/>&#8211; Assist\u00eancia t\u00e9cnica Rel\u00f3gios Quartz, Autom\u00e1ticos, Carrilh\u00e3o, Cuco&#8230;<br \/>&#8211; Or\u00e7amento sem compromisso em rel\u00f3gios de pulso ou de parede.<br \/>&#8211; Coloca\u00e7\u00e3o de pino, terminal, coroa, tige, ponteiros, pedras, etc.<br \/>&#8211; Coloca\u00e7\u00e3o de vidro de rel\u00f3gio.<br \/>&#8211; Troca de pilha na hora. Ajuste de pulseira.<br \/>&#8211; Hor\u00e1rio servi\u00e7o-relojoeiro: 9:00h at\u00e9 12:00h \/ 14:00h at\u00e9 18:00h<\/p>\t\t\t\t\t\t<\/div>\n\t\t\t\t<\/div>\n\t\t\t\t<\/div>\n\t\t\t\t\t<\/div>\n\t\t\t\t<\/div>\n\t\t\t\t<\/div>\n\t\t","protected":false},"excerpt":{"rendered":"<p>Servi\u00e7os Precisando, j\u00e1 sabe, hein? O rel\u00f3gio parou? A joia escureceu? A Klix tem uma equipe de profissionais especializada em consertos e pequenos reparos.Passa aqui. E deixa com a gente. CONSERTOS EM JOIAS&#8211; Soldas em geral. Confec\u00e7\u00e3o de j\u00f3ias e alian\u00e7as.&#8211; Teste de pureza de ouro. Grava\u00e7\u00e3o de alian\u00e7as na hora.&#8211; Ajuste de tamanho de &hellip; <\/p>\n<p class=\"link-more\"><a href=\"https:\/\/klix.com.br\/site\/servicos\/\" class=\"more-link\">Continue lendo<span class=\"screen-reader-text\"> &#8220;Servi\u00e7os&#8221;<\/span><\/a><\/p>\n","protected":false},"author":1,"featured_media":0,"parent":0,"menu_order":0,"comment_status":"closed","ping_status":"closed","template":"elementor_header_footer","meta":{"footnotes":""},"class_list":["post-66","page","type-page","status-publish","hentry","entry"],"yoast_head":"<!-- This site is optimized with the Yoast SEO plugin v24.0 - https:\/\/yoast.com\/wordpress\/plugins\/seo\/ -->\n<title>Servi\u00e7os - Klix J\u00f3ias e Rel\u00f3gios<\/title>\n<meta name=\"robots\" content=\"index, follow, max-snippet:-1, max-image-preview:large, max-video-preview:-1\" \/>\n<link rel=\"canonical\" href=\"https:\/\/klix.com.br\/site\/servicos\/\" \/>\n<meta property=\"og:locale\" content=\"pt_BR\" \/>\n<meta property=\"og:type\" content=\"article\" \/>\n<meta property=\"og:title\" content=\"Servi\u00e7os - Klix J\u00f3ias e Rel\u00f3gios\" \/>\n<meta property=\"og:description\" content=\"Servi\u00e7os Precisando, j\u00e1 sabe, hein? O rel\u00f3gio parou? A joia escureceu? A Klix tem uma equipe de profissionais especializada em consertos e pequenos reparos.Passa aqui. E deixa com a gente. CONSERTOS EM JOIAS&#8211; Soldas em geral. Confec\u00e7\u00e3o de j\u00f3ias e alian\u00e7as.&#8211; Teste de pureza de ouro. Grava\u00e7\u00e3o de alian\u00e7as na hora.&#8211; Ajuste de tamanho de &hellip; Continue lendo &quot;Servi\u00e7os&quot;\" \/>\n<meta property=\"og:url\" content=\"https:\/\/klix.com.br\/site\/servicos\/\" \/>\n<meta property=\"og:site_name\" content=\"Klix J\u00f3ias e Rel\u00f3gios\" \/>\n<meta property=\"article:publisher\" content=\"https:\/\/www.facebook.com\/relojoariaklix\" \/>\n<meta property=\"article:modified_time\" content=\"2024-12-04T12:35:21+00:00\" \/>\n<meta property=\"og:image\" content=\"https:\/\/klix.com.br\/site\/wp-content\/uploads\/2024\/10\/relojoeiro.png\" \/>\n\t<meta property=\"og:image:width\" content=\"549\" \/>\n\t<meta property=\"og:image:height\" content=\"509\" \/>\n\t<meta property=\"og:image:type\" content=\"image\/png\" \/>\n<meta name=\"twitter:card\" content=\"summary_large_image\" \/>\n<meta name=\"twitter:label1\" content=\"Est. tempo de leitura\" \/>\n\t<meta name=\"twitter:data1\" content=\"1 minuto\" \/>\n<script type=\"application\/ld+json\" class=\"yoast-schema-graph\">{\"@context\":\"https:\/\/schema.org\",\"@graph\":[{\"@type\":\"WebPage\",\"@id\":\"https:\/\/klix.com.br\/site\/servicos\/\",\"url\":\"https:\/\/klix.com.br\/site\/servicos\/\",\"name\":\"Servi\u00e7os - Klix J\u00f3ias e Rel\u00f3gios\",\"isPartOf\":{\"@id\":\"https:\/\/klix.com.br\/site\/#website\"},\"primaryImageOfPage\":{\"@id\":\"https:\/\/klix.com.br\/site\/servicos\/#primaryimage\"},\"image\":{\"@id\":\"https:\/\/klix.com.br\/site\/servicos\/#primaryimage\"},\"thumbnailUrl\":\"https:\/\/klix.com.br\/site\/wp-content\/uploads\/2024\/10\/relojoeiro.png\",\"datePublished\":\"2024-11-02T18:45:09+00:00\",\"dateModified\":\"2024-12-04T12:35:21+00:00\",\"breadcrumb\":{\"@id\":\"https:\/\/klix.com.br\/site\/servicos\/#breadcrumb\"},\"inLanguage\":\"pt-BR\",\"potentialAction\":[{\"@type\":\"ReadAction\",\"target\":[\"https:\/\/klix.com.br\/site\/servicos\/\"]}]},{\"@type\":\"ImageObject\",\"inLanguage\":\"pt-BR\",\"@id\":\"https:\/\/klix.com.br\/site\/servicos\/#primaryimage\",\"url\":\"https:\/\/klix.com.br\/site\/wp-content\/uploads\/2024\/10\/relojoeiro.png\",\"contentUrl\":\"https:\/\/klix.com.br\/site\/wp-content\/uploads\/2024\/10\/relojoeiro.png\",\"width\":549,\"height\":509},{\"@type\":\"BreadcrumbList\",\"@id\":\"https:\/\/klix.com.br\/site\/servicos\/#breadcrumb\",\"itemListElement\":[{\"@type\":\"ListItem\",\"position\":1,\"name\":\"In\u00edcio\",\"item\":\"https:\/\/klix.com.br\/site\/\"},{\"@type\":\"ListItem\",\"position\":2,\"name\":\"Servi\u00e7os\"}]},{\"@type\":\"WebSite\",\"@id\":\"https:\/\/klix.com.br\/site\/#website\",\"url\":\"https:\/\/klix.com.br\/site\/\",\"name\":\"Klix J\u00f3ias e Rel\u00f3gios\",\"description\":\"Klix J\u00f3ias e Rel\u00f3gios | Joalheria e Relojoaria | Joinville.\",\"publisher\":{\"@id\":\"https:\/\/klix.com.br\/site\/#organization\"},\"alternateName\":\"Joalheria e Relojoaria Klix\",\"potentialAction\":[{\"@type\":\"SearchAction\",\"target\":{\"@type\":\"EntryPoint\",\"urlTemplate\":\"https:\/\/klix.com.br\/site\/?s={search_term_string}\"},\"query-input\":{\"@type\":\"PropertyValueSpecification\",\"valueRequired\":true,\"valueName\":\"search_term_string\"}}],\"inLanguage\":\"pt-BR\"},{\"@type\":\"Organization\",\"@id\":\"https:\/\/klix.com.br\/site\/#organization\",\"name\":\"Klix J\u00f3ias e Rel\u00f3gios\",\"alternateName\":\"Reolojoaria Klix\",\"url\":\"https:\/\/klix.com.br\/site\/\",\"logo\":{\"@type\":\"ImageObject\",\"inLanguage\":\"pt-BR\",\"@id\":\"https:\/\/klix.com.br\/site\/#\/schema\/logo\/image\/\",\"url\":\"https:\/\/klix.com.br\/site\/wp-content\/uploads\/2024\/10\/logo-klix-normal-min.png\",\"contentUrl\":\"https:\/\/klix.com.br\/site\/wp-content\/uploads\/2024\/10\/logo-klix-normal-min.png\",\"width\":304,\"height\":248,\"caption\":\"Klix J\u00f3ias e Rel\u00f3gios\"},\"image\":{\"@id\":\"https:\/\/klix.com.br\/site\/#\/schema\/logo\/image\/\"},\"sameAs\":[\"https:\/\/www.facebook.com\/relojoariaklix\",\"https:\/\/www.instagram.com\/klix_joias\/\"]}]}<\/script>\n<!-- \/ Yoast SEO plugin. -->","yoast_head_json":{"title":"Servi\u00e7os - Klix J\u00f3ias e Rel\u00f3gios","robots":{"index":"index","follow":"follow","max-snippet":"max-snippet:-1","max-image-preview":"max-image-preview:large","max-video-preview":"max-video-preview:-1"},"canonical":"https:\/\/klix.com.br\/site\/servicos\/","og_locale":"pt_BR","og_type":"article","og_title":"Servi\u00e7os - Klix J\u00f3ias e Rel\u00f3gios","og_description":"Servi\u00e7os Precisando, j\u00e1 sabe, hein? O rel\u00f3gio parou? A joia escureceu? A Klix tem uma equipe de profissionais especializada em consertos e pequenos reparos.Passa aqui. E deixa com a gente. CONSERTOS EM JOIAS&#8211; Soldas em geral. Confec\u00e7\u00e3o de j\u00f3ias e alian\u00e7as.&#8211; Teste de pureza de ouro. Grava\u00e7\u00e3o de alian\u00e7as na hora.&#8211; Ajuste de tamanho de &hellip; Continue lendo \"Servi\u00e7os\"","og_url":"https:\/\/klix.com.br\/site\/servicos\/","og_site_name":"Klix J\u00f3ias e Rel\u00f3gios","article_publisher":"https:\/\/www.facebook.com\/relojoariaklix","article_modified_time":"2024-12-04T12:35:21+00:00","og_image":[{"width":549,"height":509,"url":"https:\/\/klix.com.br\/site\/wp-content\/uploads\/2024\/10\/relojoeiro.png","type":"image\/png"}],"twitter_card":"summary_large_image","twitter_misc":{"Est. tempo de leitura":"1 minuto"},"schema":{"@context":"https:\/\/schema.org","@graph":[{"@type":"WebPage","@id":"https:\/\/klix.com.br\/site\/servicos\/","url":"https:\/\/klix.com.br\/site\/servicos\/","name":"Servi\u00e7os - Klix J\u00f3ias e Rel\u00f3gios","isPartOf":{"@id":"https:\/\/klix.com.br\/site\/#website"},"primaryImageOfPage":{"@id":"https:\/\/klix.com.br\/site\/servicos\/#primaryimage"},"image":{"@id":"https:\/\/klix.com.br\/site\/servicos\/#primaryimage"},"thumbnailUrl":"https:\/\/klix.com.br\/site\/wp-content\/uploads\/2024\/10\/relojoeiro.png","datePublished":"2024-11-02T18:45:09+00:00","dateModified":"2024-12-04T12:35:21+00:00","breadcrumb":{"@id":"https:\/\/klix.com.br\/site\/servicos\/#breadcrumb"},"inLanguage":"pt-BR","potentialAction":[{"@type":"ReadAction","target":["https:\/\/klix.com.br\/site\/servicos\/"]}]},{"@type":"ImageObject","inLanguage":"pt-BR","@id":"https:\/\/klix.com.br\/site\/servicos\/#primaryimage","url":"https:\/\/klix.com.br\/site\/wp-content\/uploads\/2024\/10\/relojoeiro.png","contentUrl":"https:\/\/klix.com.br\/site\/wp-content\/uploads\/2024\/10\/relojoeiro.png","width":549,"height":509},{"@type":"BreadcrumbList","@id":"https:\/\/klix.com.br\/site\/servicos\/#breadcrumb","itemListElement":[{"@type":"ListItem","position":1,"name":"In\u00edcio","item":"https:\/\/klix.com.br\/site\/"},{"@type":"ListItem","position":2,"name":"Servi\u00e7os"}]},{"@type":"WebSite","@id":"https:\/\/klix.com.br\/site\/#website","url":"https:\/\/klix.com.br\/site\/","name":"Klix J\u00f3ias e Rel\u00f3gios","description":"Klix J\u00f3ias e Rel\u00f3gios | Joalheria e Relojoaria | Joinville.","publisher":{"@id":"https:\/\/klix.com.br\/site\/#organization"},"alternateName":"Joalheria e Relojoaria Klix","potentialAction":[{"@type":"SearchAction","target":{"@type":"EntryPoint","urlTemplate":"https:\/\/klix.com.br\/site\/?s={search_term_string}"},"query-input":{"@type":"PropertyValueSpecification","valueRequired":true,"valueName":"search_term_string"}}],"inLanguage":"pt-BR"},{"@type":"Organization","@id":"https:\/\/klix.com.br\/site\/#organization","name":"Klix J\u00f3ias e Rel\u00f3gios","alternateName":"Reolojoaria Klix","url":"https:\/\/klix.com.br\/site\/","logo":{"@type":"ImageObject","inLanguage":"pt-BR","@id":"https:\/\/klix.com.br\/site\/#\/schema\/logo\/image\/","url":"https:\/\/klix.com.br\/site\/wp-content\/uploads\/2024\/10\/logo-klix-normal-min.png","contentUrl":"https:\/\/klix.com.br\/site\/wp-content\/uploads\/2024\/10\/logo-klix-normal-min.png","width":304,"height":248,"caption":"Klix J\u00f3ias e Rel\u00f3gios"},"image":{"@id":"https:\/\/klix.com.br\/site\/#\/schema\/logo\/image\/"},"sameAs":["https:\/\/www.facebook.com\/relojoariaklix","https:\/\/www.instagram.com\/klix_joias\/"]}]}},"_links":{"self":[{"href":"https:\/\/klix.com.br\/site\/wp-json\/wp\/v2\/pages\/66","targetHints":{"allow":["GET"]}}],"collection":[{"href":"https:\/\/klix.com.br\/site\/wp-json\/wp\/v2\/pages"}],"about":[{"href":"https:\/\/klix.com.br\/site\/wp-json\/wp\/v2\/types\/page"}],"author":[{"embeddable":true,"href":"https:\/\/klix.com.br\/site\/wp-json\/wp\/v2\/users\/1"}],"replies":[{"embeddable":true,"href":"https:\/\/klix.com.br\/site\/wp-json\/wp\/v2\/comments?post=66"}],"version-history":[{"count":19,"href":"https:\/\/klix.com.br\/site\/wp-json\/wp\/v2\/pages\/66\/revisions"}],"predecessor-version":[{"id":516,"href":"https:\/\/klix.com.br\/site\/wp-json\/wp\/v2\/pages\/66\/revisions\/516"}],"wp:attachment":[{"href":"https:\/\/klix.com.br\/site\/wp-json\/wp\/v2\/media?parent=66"}],"curies":[{"name":"wp","href":"https:\/\/api.w.org\/{rel}","templated":true}]}}